oes 9 divide 83736?
True
Is 91 a multiple of 91?
True
Does 13 divide 85124?
True
Is 10 a factor of 16090?
True
Does 9 divide 1104?
False
Is 30 a factor of 1740?
True
Does 27 divide 71792?
False
Does 161 divide 52413?
False
Is 8872 a multiple of 4?
True
Is 30 a factor of 5250?
True
Does 10 divide 18473?
False
Does 7 divide 2429?
True
Is 16870 a multiple of 29?
False
Does 9 divide 7745?
False
Is 59 a factor of 944?
True
Does 200 divide 13939?
False
Is 8296 a multiple of 16?
False
Is 3037 a multiple of 129?
False
Is 69 a factor of 1816?
False
Is 5420 a multiple of 4?
True
Is 4 a factor of 648?
True
Does 184 divide 35359?
False
Does 95 divide 356?
False
Is 44 a factor of 1804?
True
Does 18 divide 2582?
False
Is 8749 a multiple of 13?
True
Does 30 divide 660?
True
Is 1665 a multiple of 37?
True
Does 22 divide 3520?
True
Is 54 a factor of 495?
False
Is 53 a factor of 10441?
True
Does 46 divide 53928?
False
Does 13 divide 825?
False
Is 819 a multiple of 63?
True
Is 6 a factor of 582?
True
Is 36946 a multiple of 29?
True
Is 9771 a multiple of 191?
False
Is 3878 a multiple of 14?
True
Is 14 a factor of 587?
False
Is 8345 a multiple of 3?
False
Is 36 a factor of 18785?
False
Is 291 a factor of 48597?
True
Does 216 divide 93885?
False
Is 43 a factor of 3784?
True
Does 11 divide 33?
True
Does 30 divide 3030?
True
Does 7 divide 91?
True
Is 1184 a multiple of 37?
True
Is 5904 a multiple of 36?
True
Is 2512 a multiple of 33?
False
Does 74 divide 8403?
False
Is 516 a multiple of 35?
False
Is 7129 a multiple of 63?
False
Does 31 divide 12214?
True
Is 5460 a multiple of 20?
True
Is 13 a factor of 4238?
True
Is 31076 a multiple of 65?
False
Is 5516 a multiple of 10?
False
Is 20 a factor of 115?
False
Is 4032 a multiple of 28?
True
Is 14934 a multiple of 57?
True
Is 40 a factor of 1200?
True
Does 34 divide 654?
False
Is 1296 a multiple of 144?
True
Is 11160 a multiple of 186?
True
Does 19 divide 123?
False
Does 44 divide 308?
True
Does 12 divide 54852?
True
Is 1001 a multiple of 91?
True
Is 6 a factor of 3000?
True
Is 21 a multiple of 21?
True
Is 46 a factor of 755?
False
Is 266 even?
True
Is 15 a factor of 1548?
False
Does 90 divide 1445?
False
Is 60 a factor of 1500?
True
Is 560 a multiple of 35?
True
Is 11 a factor of 4851?
True
Is 113 a factor of 1497?
False
Does 20 divide 2940?
True
Does 5 divide 65?
True
Is 26 a multiple of 13?
True
Is 90640 a multiple of 440?
True
Does 55 divide 4015?
True
Is 18 a multiple of 18?
True
Is 19 a factor of 2831?
True
Does 131 divide 15998?
False
Is 5 a factor of 754?
False
Is 332 a multiple of 5?
False
Is 18075 a multiple of 40?
False
Is 28 a factor of 22011?
False
Is 12 a factor of 27988?
False
Is 41 a factor of 1292?
False
Is 468 a multiple of 18?
True
Does 2 divide 1504?
True
Is 4 a factor of 363?
False
Does 31 divide 1922?
True
Is 24 a factor of 20026?
False
Is 28347 a multiple of 7?
False
Is 10 a factor of 86?
False
Does 4 divide 2368?
True
Is 62 a factor of 11656?
True
Does 32 divide 1983?
False
Does 14 divide 1120?
True
Is 2 a factor of 191?
False
Is 2 a factor of 1464?
True
Is 6322 a multiple of 6?
False
Is 58 a factor of 1856?
True
Is 14 a factor of 10682?
True
Is 20 a factor of 1960?
True
Is 334 a multiple of 2?
True
Is 171 a multiple of 4?
False
Is 3 a factor of 22?
False
Is 13 a factor of 44330?
True
Is 33 a factor of 3597?
True
Does 30 divide 410?
False
Is 6770 a multiple of 34?
False
Is 11 a factor of 2857?
False
Is 708 even?
True
Is 17 a factor of 15830?
False
Is 28 a factor of 812?
True
Does 16 divide 800?
True
Is 2 a factor of 226?
True
Is 544 a multiple of 32?
True
Is 182 a multiple of 7?
True
Does 129 divide 4695?
False
Is 4095 a multiple of 7?
True
Is 8 a factor of 30376?
True
Does 28 divide 4160?
False
Is 6 a factor of 120?
True
Is 2534 a multiple of 13?
False
Is 20 a factor of 551?
False
Is 5 a factor of 710?
True
Is 2205 a multiple of 49?
True
Is 13 a factor of 10426?
True
Does 55 divide 5132?
False
Is 8 a factor of 282?
False
Is 27825 a multiple of 53?
True
Is 6018 a multiple of 24?
False
Is 45 a factor of 90?
True
Does 35 divide 3850?
True
Is 50 a factor of 26600?
True
Does 22 divide 27496?
False
Does 21 divide 567?
True
Does 5 divide 4624?
False
Does 6 divide 657?
False
Is 1228 a multiple of 4?
True
Is 31280 a multiple of 16?
True
Does 42 divide 1487?
False
Is 5 a factor of 788?
False
Does 3 divide 39867?
True
Is 154 a factor of 766?
False
Is 929 a multiple of 42?
False
Does 28 divide 272?
False
Does 3 divide 1647?
True
Is 18830 a multiple of 5?
True
Does 26 divide 4474?
False
Is 17807 a multiple of 24?
False
Is 104 a factor of 517?
False
Is 10 a factor of 278?
False
Does 94 divide 12220?
True
Is 17 a factor of 1003?
True
Is 2147 a multiple of 19?
True
Is 61 a factor of 40176?
False
Is 1447 a multiple of 15?
False
Does 17 divide 21238?
False
Does 38 divide 5587?
False
Does 19 divide 1218?
False
Is 92 a factor of 8746?
False
Is 89 a factor of 2759?
True
Is 5976 a multiple of 36?
True
Is 12 a factor of 5820?
True
Does 3 divide 1563?
True
Does 38 divide 3914?
True
Does 12 divide 936?
True
Is 4 a factor of 3449?
False
Is 2 a factor of 727?
False
Is 1204 a multiple of 80?
False
Does 21 divide 672?
True
Does 88 divide 33936?
False
Is 5815 a multiple of 74?
False
Is 10 a factor of 2930?
True
Does 11 divide 3259?
False
Is 6 a factor of 654?
True
Is 9040 a multiple of 80?
True
Is 9676 a multiple of 22?
False
Is 73 a multiple of 2?
False
Does 8 divide 800?
True
Is 34330 a multiple of 151?
False
Is 15 a factor of 776?
False
Does 27 divide 51516?
True
Does 15 divide 5430?
True
Is 17 a factor of 5404?
False
Is 55 a factor of 1155?
True
Is 3 a factor of 1465?
False
Does 83 divide 5644?
True
Does 37 divide 2997?
True
Is 74 a factor of 950?
False
Is 3 a factor of 35445?
True
Is 77776 a multiple of 8?
True
Does 20 divide 2020?
True
Is 15651 a multiple of 141?
True
Is 340 a multiple of 20?
True
Is 1258 a multiple of 37?
True
Does 4 divide 430?
False
Does 8 divide 352?
True
Is 6326 a multiple of 103?
False
Does 7 divide 50?
False
Is 20 a multiple of 20?
True
Is 33 a factor of 1683?
True
Does 116 divide 23316?
True
Is 57 a factor of 57?
True
Is 14 a factor of 16282?
True
Is 296 a multiple of 8?
True
Is 238 a multiple of 17?
True
Is 17 a factor of 2763?
False
Does 52 divide 26340?
False
Is 22 a factor of 336?
False
Does 33 divide 825?
True
Does 53 divide 901?
True
Is 6520 a multiple of 23?
False
Is 33 a factor of 1650?
True
Is 43946 a multiple of 73?
True
Does 27 divide 427?
False
Is 42 a factor of 80184?
False
Is 623 a multiple of 17?
False
Does 50 divide 250?
True
Is 152 a factor of 34318?
False
Is 1238 a multiple of 5?
False
Does 11 divide 5776?
False
Is 14298 a multiple of 6?
True
Is 1530 a multiple of 45?
True
Does 8 divide 1524?
False
Does 6 divide 54?
True
Is 2000 a multiple of 80?
True
Is 1098 a multiple of 18?
True
Does 17 divide 38420?
True
Does 14 divide 1915?
False
Is 3934 a multiple of 155?
False
Is 12 a factor of 18072?
True
Is 23 a factor of 2314?
False
Does 26 divide 566?
False
Does 17 divide 16303?
True
Does 8 divide 17413?
False
Is 11 a factor of 88?
True
Does 26 divide 2333?
False
Does 17 divide 1871?
False
Is 17 a factor of 12015?
False
Does 13 divide 28?
False
Is 4474 a multiple of 6?
False
Does 10 divide 13683?
False
Is 17 a factor of 68?
True
Does 118 divide 1577?
False
Is 2 a factor of 8?
True
Does 155 divide 6319?
False
Does 2 divide 2695?
False
Is 57 a factor of 148?
False
Is 11925 a multiple of 79?
False
Is 2784 a multiple of 48?
True
Is 26479 a multiple of 269?
False
Does 86 divide 1376?
True
Does 13 divide 3854?
False
Does 64 divide 1472?
True
Is 189 a multiple of 21?
True
Does 5 divide 25680?
True
Is 30 a factor of 8835?
False
Does 9 divide 2565?
True
Is 1482 a multiple of 17?
False
Is 3 a factor of 2870?
False
Does 334 divide 1700?
False
Is 226 a multiple of 7?
False
Is 40039 a multiple of 102?
False
Is 4 a factor of 14155?
False
Is 3017 a multiple of 6?
False
Is 3 a factor of 9158?
False
Is 1168 a multiple of 6?
False
Does 4 divide 863?
False
Does 12 divide 1308?
True
Is 5330 a multiple of 24?
False
Is 675 a multiple of 75?
True
Is 25944 a multiple of 92?
True
Is 122 a factor of 10980?
True
Is 4564 a multiple of 7?
True
Is 3056 a multiple of 125?
False
Does 146 divide 2356?
False
Is 19